{"id":2579,"date":"2021-06-02T09:22:48","date_gmt":"2021-06-02T14:22:48","guid":{"rendered":"http:\/\/coacunionpopular.com\/?page_id=2579"},"modified":"2025-10-01T15:18:45","modified_gmt":"2025-10-01T20:18:45","slug":"coac-union-popular","status":"publish","type":"page","link":"https:\/\/www.coacunionpopular.com\/wordpress\/coac-union-popular\/","title":{"rendered":"Con\u00f3cenos"},"content":{"rendered":"\t\t<div data-elementor-type=\"wp-page\" data-elementor-id=\"2579\" class=\"elementor elementor-2579\">\n\t\t\t\t\t\t<section class=\"elementor-section elementor-top-section elementor-element elementor-element-59c5b0f3 elementor-section-boxed elementor-section-height-default elementor-section-height-default\" data-id=\"59c5b0f3\" data-element_type=\"section\" data-e-type=\"section\">\n\t\t\t\t\t\t<div class=\"elementor-container elementor-column-gap-default\">\n\t\t\t\t\t<div class=\"elementor-column elementor-col-100 elementor-top-column elementor-element elementor-element-3bab11b2\" data-id=\"3bab11b2\" data-element_type=\"column\" data-e-type=\"column\">\n\t\t\t<div class=\"elementor-widget-wrap elementor-element-populated\">\n\t\t\t\t\t\t<div class=\"elementor-element elementor-element-3a0840f4 elementor-widget elementor-widget-heading\" data-id=\"3a0840f4\" data-element_type=\"widget\" data-e-type=\"widget\" data-widget_type=\"heading.default\">\n\t\t\t\t<div class=\"elementor-widget-container\">\n\t\t\t\t\t<h3 class=\"elementor-heading-title elementor-size-large\">cON\u00d3CENOS<\/h3>\t\t\t\t<\/div>\n\t\t\t\t<\/div>\n\t\t\t\t\t<\/div>\n\t\t<\/div>\n\t\t\t\t\t<\/div>\n\t\t<\/section>\n\t\t\t\t<section class=\"elementor-section elementor-top-section elementor-element elementor-element-ac86210 elementor-section-boxed elementor-section-height-default elementor-section-height-default\" data-id=\"ac86210\" data-element_type=\"section\" data-e-type=\"section\">\n\t\t\t\t\t\t<div class=\"elementor-container elementor-column-gap-default\">\n\t\t\t\t\t<div class=\"elementor-column elementor-col-50 elementor-top-column elementor-element elementor-element-9f292d8\" data-id=\"9f292d8\" data-element_type=\"column\" data-e-type=\"column\">\n\t\t\t<div class=\"elementor-widget-wrap elementor-element-populated\">\n\t\t\t\t\t\t<div class=\"elementor-element elementor-element-42be895 elementor-widget elementor-widget-image\" data-id=\"42be895\" data-element_type=\"widget\" data-e-type=\"widget\" data-widget_type=\"image.default\">\n\t\t\t\t<div class=\"elementor-widget-container\">\n\t\t\t\t\t\t\t\t\t\t\t\t\t\t\t<img fetchpriority=\"high\" decoding=\"async\" width=\"1024\" height=\"576\" src=\"https:\/\/www.coacunionpopular.com\/wordpress\/wp-content\/uploads\/2025\/10\/Mock-1024x576.png\" class=\"attachment-large size-large wp-image-4232\" alt=\"\" srcset=\"https:\/\/www.coacunionpopular.com\/wordpress\/wp-content\/uploads\/2025\/10\/Mock-1024x576.png 1024w, https:\/\/www.coacunionpopular.com\/wordpress\/wp-content\/uploads\/2025\/10\/Mock-300x169.png 300w, https:\/\/www.coacunionpopular.com\/wordpress\/wp-content\/uploads\/2025\/10\/Mock-768x432.png 768w, https:\/\/www.coacunionpopular.com\/wordpress\/wp-content\/uploads\/2025\/10\/Mock-1536x864.png 1536w, https:\/\/www.coacunionpopular.com\/wordpress\/wp-content\/uploads\/2025\/10\/Mock-800x450.png 800w, https:\/\/www.coacunionpopular.com\/wordpress\/wp-content\/uploads\/2025\/10\/Mock.png 1920w\" sizes=\"(max-width: 1024px) 100vw, 1024px\" \/>\t\t\t\t\t\t\t\t\t\t\t\t\t\t\t<\/div>\n\t\t\t\t<\/div>\n\t\t\t\t\t<\/div>\n\t\t<\/div>\n\t\t\t\t<div class=\"elementor-column elementor-col-50 elementor-top-column elementor-element elementor-element-df8fa6f\" data-id=\"df8fa6f\" data-element_type=\"column\" data-e-type=\"column\">\n\t\t\t<div class=\"elementor-widget-wrap elementor-element-populated\">\n\t\t\t\t\t\t<div class=\"elementor-element elementor-element-04882e6 elementor-widget__width-initial elementor-widget elementor-widget-image\" data-id=\"04882e6\" data-element_type=\"widget\" data-e-type=\"widget\" data-widget_type=\"image.default\">\n\t\t\t\t<div class=\"elementor-widget-container\">\n\t\t\t\t\t\t\t\t\t\t\t\t\t\t\t<img fetchpriority=\"high\" decoding=\"async\" width=\"1024\" height=\"576\" src=\"https:\/\/www.coacunionpopular.com\/wordpress\/wp-content\/uploads\/2025\/10\/Mock-1024x576.png\" class=\"attachment-large size-large wp-image-4232\" alt=\"\" srcset=\"https:\/\/www.coacunionpopular.com\/wordpress\/wp-content\/uploads\/2025\/10\/Mock-1024x576.png 1024w, https:\/\/www.coacunionpopular.com\/wordpress\/wp-content\/uploads\/2025\/10\/Mock-300x169.png 300w, https:\/\/www.coacunionpopular.com\/wordpress\/wp-content\/uploads\/2025\/10\/Mock-768x432.png 768w, https:\/\/www.coacunionpopular.com\/wordpress\/wp-content\/uploads\/2025\/10\/Mock-1536x864.png 1536w, https:\/\/www.coacunionpopular.com\/wordpress\/wp-content\/uploads\/2025\/10\/Mock-800x450.png 800w, https:\/\/www.coacunionpopular.com\/wordpress\/wp-content\/uploads\/2025\/10\/Mock.png 1920w\" sizes=\"(max-width: 1024px) 100vw, 1024px\" \/>\t\t\t\t\t\t\t\t\t\t\t\t\t\t\t<\/div>\n\t\t\t\t<\/div>\n\t\t\t\t\t<\/div>\n\t\t<\/div>\n\t\t\t\t\t<\/div>\n\t\t<\/section>\n\t\t\t\t<section class=\"elementor-section elementor-top-section elementor-element elementor-element-51e435a elementor-section-boxed elementor-section-height-default elementor-section-height-default elementor-invisible\" data-id=\"51e435a\" data-element_type=\"section\" data-e-type=\"section\" data-settings=\"{&quot;animation&quot;:&quot;fadeIn&quot;}\">\n\t\t\t\t\t\t<div class=\"elementor-container elementor-column-gap-default\">\n\t\t\t\t\t<div class=\"elementor-column elementor-col-100 elementor-top-column elementor-element elementor-element-4b0b145\" data-id=\"4b0b145\" data-element_type=\"column\" data-e-type=\"column\">\n\t\t\t<div class=\"elementor-widget-wrap elementor-element-populated\">\n\t\t\t\t\t\t<div class=\"elementor-element elementor-element-b7595d4 elementor-widget elementor-widget-heading\" data-id=\"b7595d4\" data-element_type=\"widget\" data-e-type=\"widget\" data-widget_type=\"heading.default\">\n\t\t\t\t<div class=\"elementor-widget-container\">\n\t\t\t\t\t<h2 class=\"elementor-heading-title elementor-size-medium\">Nuestra Historia<\/h2>\t\t\t\t<\/div>\n\t\t\t\t<\/div>\n\t\t\t\t<div class=\"elementor-element elementor-element-8175d33 elementor-widget elementor-widget-text-editor\" data-id=\"8175d33\" data-element_type=\"widget\" data-e-type=\"widget\" data-widget_type=\"text-editor.default\">\n\t\t\t\t<div class=\"elementor-widget-container\">\n\t\t\t\t\t\t\t\t\t<p>La Instituci\u00f3n naci\u00f3 de una reuni\u00f3n de amigos con la idea de organizar una cooperativa, motivados por la necesidad de apoyarse mutuamente y guiados por un esp\u00edritu solidario. Cabe se\u00f1alar que la mayor\u00eda de los asistentes eran oriundos de San Bartolom\u00e9 de Pinllo, quienes m\u00e1s tarde se convirtieron en los socios fundadores. Este acontecimiento tuvo lugar en la parroquia La Merced, el 30 de agosto de 1971.<\/p><p>Seg\u00fan consta en el acta de constituci\u00f3n, la asamblea se desarroll\u00f3 con el orden y la direcci\u00f3n pertinentes. En ella, se resolvi\u00f3 por unanimidad el nombre que la instituci\u00f3n mantiene hasta la actualidad, se eligi\u00f3 a la directiva y se definieron detalles de gran importancia. Asimismo, los asistentes conocieron los beneficios de pertenecer a una entidad cooperativa, por lo que contaron con la presencia y asesor\u00eda de un instructor de cooperativas, quien los gui\u00f3 en la elaboraci\u00f3n de los estatutos que constituyeron la base estructural de la naciente instituci\u00f3n.<\/p>\t\t\t\t\t\t\t\t<\/div>\n\t\t\t\t<\/div>\n\t\t\t\t<div class=\"elementor-element elementor-element-ebd6e6e elementor-widget elementor-widget-heading\" data-id=\"ebd6e6e\" data-element_type=\"widget\" data-e-type=\"widget\" data-widget_type=\"heading.default\">\n\t\t\t\t<div class=\"elementor-widget-container\">\n\t\t\t\t\t<h2 class=\"elementor-heading-title elementor-size-medium\">\u00bfQui\u00e9nes somos?<\/h2>\t\t\t\t<\/div>\n\t\t\t\t<\/div>\n\t\t\t\t<div class=\"elementor-element elementor-element-9eeea33 elementor-widget elementor-widget-text-editor\" data-id=\"9eeea33\" data-element_type=\"widget\" data-e-type=\"widget\" data-widget_type=\"text-editor.default\">\n\t\t\t\t<div class=\"elementor-widget-container\">\n\t\t\t\t\t\t\t\t\t<p>La Cooperativa de Ahorro y Cr\u00e9dito \u00abUNI\u00d3N POPULAR\u00bb Ltda., es una entidad financiera que presta servicios de captaci\u00f3n de recursos, operaciones crediticias y servicios no financieros, destinados a Micro-empresarios, brindando confianza, seguridad y atenci\u00f3n personalizada para propiciar el desarrollo Social y Econ\u00f3mico de sus socios.<\/p>\t\t\t\t\t\t\t\t<\/div>\n\t\t\t\t<\/div>\n\t\t\t\t\t<\/div>\n\t\t<\/div>\n\t\t\t\t\t<\/div>\n\t\t<\/section>\n\t\t\t\t<section class=\"elementor-section elementor-top-section elementor-element elementor-element-d86e013 elementor-section-boxed elementor-section-height-default elementor-section-height-default\" data-id=\"d86e013\" data-element_type=\"section\" data-e-type=\"section\">\n\t\t\t\t\t\t<div class=\"elementor-container elementor-column-gap-default\">\n\t\t\t\t\t<div class=\"elementor-column elementor-col-33 elementor-top-column elementor-element elementor-element-5823d1f\" data-id=\"5823d1f\" data-element_type=\"column\" data-e-type=\"column\">\n\t\t\t<div class=\"elementor-widget-wrap\">\n\t\t\t\t\t\t\t<\/div>\n\t\t<\/div>\n\t\t\t\t<div class=\"elementor-column elementor-col-33 elementor-top-column elementor-element elementor-element-76d627a\" data-id=\"76d627a\" data-element_type=\"column\" data-e-type=\"column\">\n\t\t\t<div class=\"elementor-widget-wrap\">\n\t\t\t\t\t\t\t<\/div>\n\t\t<\/div>\n\t\t\t\t<div class=\"elementor-column elementor-col-33 elementor-top-column elementor-element elementor-element-38ca597\" data-id=\"38ca597\" data-element_type=\"column\" data-e-type=\"column\">\n\t\t\t<div class=\"elementor-widget-wrap\">\n\t\t\t\t\t\t\t<\/div>\n\t\t<\/div>\n\t\t\t\t\t<\/div>\n\t\t<\/section>\n\t\t\t\t<\/div>\n\t\t","protected":false},"excerpt":{"rendered":"<p>cON\u00d3CENOS Nuestra Historia La Instituci\u00f3n naci\u00f3 de una reuni\u00f3n de amigos con la idea de organizar una cooperativa, motivados por la necesidad de apoyarse mutuamente y guiados por un esp\u00edritu solidario. Cabe se\u00f1alar que la mayor\u00eda de los asistentes eran oriundos de San Bartolom\u00e9 de Pinllo, quienes m\u00e1s tarde se convirtieron en los socios fundadores. [&hellip;]<\/p>\n","protected":false},"author":2,"featured_media":0,"parent":0,"menu_order":0,"comment_status":"closed","ping_status":"closed","template":"","meta":{"ocean_post_layout":"","ocean_both_sidebars_style":"","ocean_both_sidebars_content_width":0,"ocean_both_sidebars_sidebars_width":0,"ocean_sidebar":"","ocean_second_sidebar":"","ocean_disable_margins":"enable","ocean_add_body_class":"","ocean_shortcode_before_top_bar":"","ocean_shortcode_after_top_bar":"","ocean_shortcode_before_header":"","ocean_shortcode_after_header":"","ocean_has_shortcode":"","ocean_shortcode_after_title":"","ocean_shortcode_before_footer_widgets":"","ocean_shortcode_after_footer_widgets":"","ocean_shortcode_before_footer_bottom":"","ocean_shortcode_after_footer_bottom":"","ocean_display_top_bar":"default","ocean_display_header":"default","ocean_header_style":"","ocean_center_header_left_menu":"","ocean_custom_header_template":"","ocean_custom_logo":0,"ocean_custom_retina_logo":0,"ocean_custom_logo_max_width":0,"ocean_custom_logo_tablet_max_width":0,"ocean_custom_logo_mobile_max_width":0,"ocean_custom_logo_max_height":0,"ocean_custom_logo_tablet_max_height":0,"ocean_custom_logo_mobile_max_height":0,"ocean_header_custom_menu":"","ocean_menu_typo_font_family":"","ocean_menu_typo_font_subset":"","ocean_menu_typo_font_size":0,"ocean_menu_typo_font_size_tablet":0,"ocean_menu_typo_font_size_mobile":0,"ocean_menu_typo_font_size_unit":"px","ocean_menu_typo_font_weight":"","ocean_menu_typo_font_weight_tablet":"","ocean_menu_typo_font_weight_mobile":"","ocean_menu_typo_transform":"","ocean_menu_typo_transform_tablet":"","ocean_menu_typo_transform_mobile":"","ocean_menu_typo_line_height":0,"ocean_menu_typo_line_height_tablet":0,"ocean_menu_typo_line_height_mobile":0,"ocean_menu_typo_line_height_unit":"","ocean_menu_typo_spacing":0,"ocean_menu_typo_spacing_tablet":0,"ocean_menu_typo_spacing_mobile":0,"ocean_menu_typo_spacing_unit":"","ocean_menu_link_color":"","ocean_menu_link_color_hover":"","ocean_menu_link_color_active":"","ocean_menu_link_background":"","ocean_menu_link_hover_background":"","ocean_menu_link_active_background":"","ocean_menu_social_links_bg":"","ocean_menu_social_hover_links_bg":"","ocean_menu_social_links_color":"","ocean_menu_social_hover_links_color":"","ocean_disable_title":"default","ocean_disable_heading":"default","ocean_post_title":"","ocean_post_subheading":"","ocean_post_title_style":"","ocean_post_title_background_color":"","ocean_post_title_background":0,"ocean_post_title_bg_image_position":"","ocean_post_title_bg_image_attachment":"","ocean_post_title_bg_image_repeat":"","ocean_post_title_bg_image_size":"","ocean_post_title_height":0,"ocean_post_title_bg_overlay":0.5,"ocean_post_title_bg_overlay_color":"","ocean_disable_breadcrumbs":"default","ocean_breadcrumbs_color":"","ocean_breadcrumbs_separator_color":"","ocean_breadcrumbs_links_color":"","ocean_breadcrumbs_links_hover_color":"","ocean_display_footer_widgets":"default","ocean_display_footer_bottom":"default","ocean_custom_footer_template":"","footnotes":""},"class_list":["post-2579","page","type-page","status-publish","hentry","entry"],"_links":{"self":[{"href":"https:\/\/www.coacunionpopular.com\/wordpress\/wp-json\/wp\/v2\/pages\/2579","targetHints":{"allow":["GET"]}}],"collection":[{"href":"https:\/\/www.coacunionpopular.com\/wordpress\/wp-json\/wp\/v2\/pages"}],"about":[{"href":"https:\/\/www.coacunionpopular.com\/wordpress\/wp-json\/wp\/v2\/types\/page"}],"author":[{"embeddable":true,"href":"https:\/\/www.coacunionpopular.com\/wordpress\/wp-json\/wp\/v2\/users\/2"}],"replies":[{"embeddable":true,"href":"https:\/\/www.coacunionpopular.com\/wordpress\/wp-json\/wp\/v2\/comments?post=2579"}],"version-history":[{"count":140,"href":"https:\/\/www.coacunionpopular.com\/wordpress\/wp-json\/wp\/v2\/pages\/2579\/revisions"}],"predecessor-version":[{"id":4358,"href":"https:\/\/www.coacunionpopular.com\/wordpress\/wp-json\/wp\/v2\/pages\/2579\/revisions\/4358"}],"wp:attachment":[{"href":"https:\/\/www.coacunionpopular.com\/wordpress\/wp-json\/wp\/v2\/media?parent=2579"}],"curies":[{"name":"wp","href":"https:\/\/api.w.org\/{rel}","templated":true}]}}